{"version":"1.0","provider_name":"Trem da Vale","provider_url":"https:\/\/tremdavale.org\/pt","author_name":"admin","author_url":"https:\/\/tremdavale.org\/pt\/author\/admin\/","title":"Abertura da 7\u00aa Oficina de Fotografia Digital &#8212; Trem da Vale","type":"rich","width":600,"height":338,"html":"<blockquote class=\"wp-embedded-content\" data-secret=\"LryGjp1egt\"><a href=\"https:\/\/tremdavale.org\/pt\/abertura-da-7-oficina-de-fotografia\/\">Abertura da 7\u00aa Oficina de Fotografia Digital<\/a><\/blockquote><iframe sandbox=\"allow-scripts\" security=\"restricted\" src=\"https:\/\/tremdavale.org\/pt\/abertura-da-7-oficina-de-fotografia\/embed\/#?secret=LryGjp1egt\" width=\"600\" height=\"338\" title=\"&#8220;Abertura da 7\u00aa Oficina de Fotografia Digital&#8221; &#8212; Trem da Vale\" data-secret=\"LryGjp1egt\" frameborder=\"0\" marginwidth=\"0\" marginheight=\"0\" scrolling=\"no\" class=\"wp-embedded-content\"><\/iframe><script>\n\/*! This file is auto-generated *\/\n!function(d,l){\"use strict\";l.querySelector&&d.addEventListener&&\"undefined\"!=typeof URL&&(d.wp=d.wp||{},d.wp.receiveEmbedMessage||(d.wp.receiveEmbedMessage=function(e){var t=e.data;if((t||t.secret||t.message||t.value)&&!\/[^a-zA-Z0-9]\/.test(t.secret)){for(var s,r,n,a=l.querySelectorAll('iframe[data-secret=\"'+t.secret+'\"]'),o=l.querySelectorAll('blockquote[data-secret=\"'+t.secret+'\"]'),c=new RegExp(\"^https?:$\",\"i\"),i=0;i<o.length;i++)o[i].style.display=\"none\";for(i=0;i<a.length;i++)s=a[i],e.source===s.contentWindow&&(s.removeAttribute(\"style\"),\"height\"===t.message?(1e3<(r=parseInt(t.value,10))?r=1e3:~~r<200&&(r=200),s.height=r):\"link\"===t.message&&(r=new URL(s.getAttribute(\"src\")),n=new URL(t.value),c.test(n.protocol))&&n.host===r.host&&l.activeElement===s&&(d.top.location.href=t.value))}},d.addEventListener(\"message\",d.wp.receiveEmbedMessage,!1),l.addEventListener(\"DOMContentLoaded\",function(){for(var e,t,s=l.querySelectorAll(\"iframe.wp-embedded-content\"),r=0;r<s.length;r++)(t=(e=s[r]).getAttribute(\"data-secret\"))||(t=Math.random().toString(36).substring(2,12),e.src+=\"#?secret=\"+t,e.setAttribute(\"data-secret\",t)),e.contentWindow.postMessage({message:\"ready\",secret:t},\"*\")},!1)))}(window,document);\n\/\/# sourceURL=https:\/\/tremdavale.org\/wp-includes\/js\/wp-embed.min.js\n<\/script>\n","thumbnail_url":"https:\/\/tremdavale.org\/wp-content\/uploads\/01-7c2aa-oficina-de-fotografia-digital1-300x192.jpg","thumbnail_width":300,"thumbnail_height":192,"description":"A 7\u00aa Oficina de Fotografia Digital, realizada pelo Vale Registrar do Programa de Educa\u00e7\u00e3o Patrimonial Trem da Vale, teve in\u00edcio no dia 19 de agosto de 2013, na Esta\u00e7\u00e3o Ferrovi\u00e1ria de Ouro Preto, sob a coordena\u00e7\u00e3o do fot\u00f3grafo Dimas Guedes. As atividades seguem at\u00e9 o dia 24 de agosto, de &hellip;"}

Abertura da 7ª Oficina de Fotografia Digital &#8212; Trem da Vale

<blockquote class="wp-embedded-content" data-secret="LryGjp1egt"><a href="https://tremdavale.org/pt/abertura-da-7-oficina-de-fotografia/">Abertura da 7ª Oficina de Fotografia Digital</a></blockquote><iframe sandbox="allow-scripts" security="restricted" src="https://tremdavale.org/pt/abertura-da-7-oficina-de-fotografia/embed/#?secret=LryGjp1egt" width="600" height="338" title="&#8220;Abertura da 7ª Oficina de Fotografia Digital&#8221; &#8212; Trem da Vale" data-secret="LryGjp1egt" frameborder="0" marginwidth="0" marginheight="0" scrolling="no" class="wp-embedded-content"></iframe><script>
/*! This file is auto-generated */
!function(d,l){"use strict";l.querySelector&&d.addEventListener&&"undefined"!=typeof URL&&(d.wp=d.wp||{},d.wp.receiveEmbedMessage||(d.wp.receiveEmbedMessage=function(e){var t=e.data;if((t||t.secret||t.message||t.value)&&!/[^a-zA-Z0-9]/.test(t.secret)){for(var s,r,n,a=l.querySelectorAll('iframe[data-secret="'+t.secret+'"]'),o=l.querySelectorAll('blockquote[data-secret="'+t.secret+'"]'),c=new RegExp("^https?:$","i"),i=0;i<o.length;i++)o[i].style.display="none";for(i=0;i<a.length;i++)s=a[i],e.source===s.contentWindow&&(s.removeAttribute("style"),"height"===t.message?(1e3<(r=parseInt(t.value,10))?r=1e3:~~r<200&&(r=200),s.height=r):"link"===t.message&&(r=new URL(s.getAttribute("src")),n=new URL(t.value),c.test(n.protocol))&&n.host===r.host&&l.activeElement===s&&(d.top.location.href=t.value))}},d.addEventListener("message",d.wp.receiveEmbedMessage,!1),l.addEventListener("DOMContentLoaded",function(){for(var e,t,s=l.querySelectorAll("iframe.wp-embedded-content"),r=0;r<s.length;r++)(t=(e=s[r]).getAttribute("data-secret"))||(t=Math.random().toString(36).substring(2,12),e.src+="#?secret="+t,e.setAttribute("data-secret",t)),e.contentWindow.postMessage({message:"ready",secret:t},"*")},!1)))}(window,document);
//# sourceURL=https://tremdavale.org/wp-includes/js/wp-embed.min.js
</script>

A 7ª Oficina de Fotografia Digital, realizada pelo Vale Registrar do Programa de Educação Patrimonial Trem da Vale, teve início no dia 19 de agosto de 2013, na Estação Ferroviária de Ouro Preto, sob a coordenação do fotógrafo Dimas Guedes. As atividades seguem até o dia 24 de agosto, de &hellip;
