{"version":"1.0","provider_name":"Trem da Vale","provider_url":"https:\/\/tremdavale.org\/pt","author_name":"admin","author_url":"https:\/\/tremdavale.org\/pt\/author\/admin\/","title":"Matin\u00ea de Carnaval do Trem da Vale &#8212; Trem da Vale","type":"rich","width":600,"height":338,"html":"<blockquote class=\"wp-embedded-content\" data-secret=\"q9FWnegBwD\"><a href=\"https:\/\/tremdavale.org\/pt\/matine-de-carnaval-do-trem-da-vale\/\">Matin\u00ea de Carnaval do Trem da Vale<\/a><\/blockquote><iframe sandbox=\"allow-scripts\" security=\"restricted\" src=\"https:\/\/tremdavale.org\/pt\/matine-de-carnaval-do-trem-da-vale\/embed\/#?secret=q9FWnegBwD\" width=\"600\" height=\"338\" title=\"&#8220;Matin\u00ea de Carnaval do Trem da Vale&#8221; &#8212; Trem da Vale\" data-secret=\"q9FWnegBwD\" frameborder=\"0\" marginwidth=\"0\" marginheight=\"0\" scrolling=\"no\" class=\"wp-embedded-content\"><\/iframe><script>\n\/*! This file is auto-generated *\/\n!function(d,l){\"use strict\";l.querySelector&&d.addEventListener&&\"undefined\"!=typeof URL&&(d.wp=d.wp||{},d.wp.receiveEmbedMessage||(d.wp.receiveEmbedMessage=function(e){var t=e.data;if((t||t.secret||t.message||t.value)&&!\/[^a-zA-Z0-9]\/.test(t.secret)){for(var s,r,n,a=l.querySelectorAll('iframe[data-secret=\"'+t.secret+'\"]'),o=l.querySelectorAll('blockquote[data-secret=\"'+t.secret+'\"]'),c=new RegExp(\"^https?:$\",\"i\"),i=0;i<o.length;i++)o[i].style.display=\"none\";for(i=0;i<a.length;i++)s=a[i],e.source===s.contentWindow&&(s.removeAttribute(\"style\"),\"height\"===t.message?(1e3<(r=parseInt(t.value,10))?r=1e3:~~r<200&&(r=200),s.height=r):\"link\"===t.message&&(r=new URL(s.getAttribute(\"src\")),n=new URL(t.value),c.test(n.protocol))&&n.host===r.host&&l.activeElement===s&&(d.top.location.href=t.value))}},d.addEventListener(\"message\",d.wp.receiveEmbedMessage,!1),l.addEventListener(\"DOMContentLoaded\",function(){for(var e,t,s=l.querySelectorAll(\"iframe.wp-embedded-content\"),r=0;r<s.length;r++)(t=(e=s[r]).getAttribute(\"data-secret\"))||(t=Math.random().toString(36).substring(2,12),e.src+=\"#?secret=\"+t,e.setAttribute(\"data-secret\",t)),e.contentWindow.postMessage({message:\"ready\",secret:t},\"*\")},!1)))}(window,document);\n\/\/# sourceURL=https:\/\/tremdavale.org\/wp-includes\/js\/wp-embed.min.js\n<\/script>\n","thumbnail_url":"https:\/\/tremdavale.org\/wp-content\/uploads\/matine-carnaval-170212-foto-suelem-louzada-391-300x199.jpg","thumbnail_width":300,"thumbnail_height":199,"description":"O Programa Trem da Vale, realizou na \u00faltima sexta feira uma Matin\u00ea de Carnaval para a garotada com oficinas de decora\u00e7\u00e3o de m\u00e1scaras, pintura facial, confete, serpentina e muita folia. &nbsp; Foto: Suelem Louzada. &nbsp; O evento que aconteceu na Tenda Culturalteve in\u00edcio com a interven\u00e7\u00e3o c\u00eanica \u201cO Pierr\u00f4 e &hellip;"}

Matinê de Carnaval do Trem da Vale &#8212; Trem da Vale

<blockquote class="wp-embedded-content" data-secret="q9FWnegBwD"><a href="https://tremdavale.org/pt/matine-de-carnaval-do-trem-da-vale/">Matinê de Carnaval do Trem da Vale</a></blockquote><iframe sandbox="allow-scripts" security="restricted" src="https://tremdavale.org/pt/matine-de-carnaval-do-trem-da-vale/embed/#?secret=q9FWnegBwD" width="600" height="338" title="&#8220;Matinê de Carnaval do Trem da Vale&#8221; &#8212; Trem da Vale" data-secret="q9FWnegBwD" frameborder="0" marginwidth="0" marginheight="0" scrolling="no" class="wp-embedded-content"></iframe><script>
/*! This file is auto-generated */
!function(d,l){"use strict";l.querySelector&&d.addEventListener&&"undefined"!=typeof URL&&(d.wp=d.wp||{},d.wp.receiveEmbedMessage||(d.wp.receiveEmbedMessage=function(e){var t=e.data;if((t||t.secret||t.message||t.value)&&!/[^a-zA-Z0-9]/.test(t.secret)){for(var s,r,n,a=l.querySelectorAll('iframe[data-secret="'+t.secret+'"]'),o=l.querySelectorAll('blockquote[data-secret="'+t.secret+'"]'),c=new RegExp("^https?:$","i"),i=0;i<o.length;i++)o[i].style.display="none";for(i=0;i<a.length;i++)s=a[i],e.source===s.contentWindow&&(s.removeAttribute("style"),"height"===t.message?(1e3<(r=parseInt(t.value,10))?r=1e3:~~r<200&&(r=200),s.height=r):"link"===t.message&&(r=new URL(s.getAttribute("src")),n=new URL(t.value),c.test(n.protocol))&&n.host===r.host&&l.activeElement===s&&(d.top.location.href=t.value))}},d.addEventListener("message",d.wp.receiveEmbedMessage,!1),l.addEventListener("DOMContentLoaded",function(){for(var e,t,s=l.querySelectorAll("iframe.wp-embedded-content"),r=0;r<s.length;r++)(t=(e=s[r]).getAttribute("data-secret"))||(t=Math.random().toString(36).substring(2,12),e.src+="#?secret="+t,e.setAttribute("data-secret",t)),e.contentWindow.postMessage({message:"ready",secret:t},"*")},!1)))}(window,document);
//# sourceURL=https://tremdavale.org/wp-includes/js/wp-embed.min.js
</script>

O Programa Trem da Vale, realizou na última sexta feira uma Matinê de Carnaval para a garotada com oficinas de decoração de máscaras, pintura facial, confete, serpentina e muita folia. &nbsp; Foto: Suelem Louzada. &nbsp; O evento que aconteceu na Tenda Culturalteve início com a intervenção cênica “O Pierrô e &hellip;
