{"id":24,"date":"2025-03-15T23:41:27","date_gmt":"2025-03-15T23:41:27","guid":{"rendered":"https:\/\/tremdavale.org\/?page_id=24"},"modified":"2025-10-10T11:57:00","modified_gmt":"2025-10-10T11:57:00","slug":"objetivos","status":"publish","type":"page","link":"https:\/\/tremdavale.org\/pt\/o-programa\/objetivos\/","title":{"rendered":"Objetivos"},"content":{"rendered":"<p><span style=\"text-align: justify;\">O Programa de Educa\u00e7\u00e3o Patrimonial Trem da Vale tem como objetivo geral: realizar a\u00e7\u00f5es formativas patrimoniais diversificadas de valoriza\u00e7\u00e3o dos bens culturais e naturais, com o intuito de propiciar a crian\u00e7as, jovens e adultos a viv\u00eancia de um processo de conhecimento, apropria\u00e7\u00e3o e preserva\u00e7\u00e3o de sua heran\u00e7a cultural, fortalecendo sentimentos de pertencimento, identidade e cidadania.<\/span><\/p>\n<p><span style=\"font-weight: bold;\">Os objetivos espec\u00edficos s\u00e3o os seguintes:<\/span><\/p>\n<ul>\n<li>Desenvolver atividades de levantamento e registro do patrim\u00f4nio, com a participa\u00e7\u00e3o de pessoas, grupos e associa\u00e7\u00f5es locais e promover sua divulga\u00e7\u00e3o em diversos produtos culturais e educacionais (publica\u00e7\u00f5es, v\u00eddeos, p\u00e1ginas virtuais etc.) e em suportes multim\u00eddia interativos.<\/li>\n<li>Promover a\u00e7\u00f5es de educa\u00e7\u00e3o continuada (cursos, oficinas, semin\u00e1rios\/workshops, palestras, mostras) na perspectiva da educa\u00e7\u00e3o patrimonial, em parceria com institui\u00e7\u00f5es locais e abertas \u00e0 comunidade escolar e extraescolar.<\/li>\n<li>Contribuir para o conhecimento e divulga\u00e7\u00e3o da Educa\u00e7\u00e3o Patrimonial no \u00e2mbito das escolas do ensino formal, mediante a realiza\u00e7\u00e3o de a\u00e7\u00f5es formativas com educadores, o est\u00edmulo \u00e0 produ\u00e7\u00e3o de conhecimento sobre a cultural local e de materiais did\u00e1ticos inovadores.<\/li>\n<li>Desenvolver a\u00e7\u00f5es de incentivo \u00e0 leitura (circuitos liter\u00e1rios, jogos, saraus, oficinas etc), em especial para crian\u00e7as e jovens, atrav\u00e9s das bibliotecas infantojuvenis das esta\u00e7\u00f5es, integralmente abertas \u00e0s comunidades.<\/li>\n<li>Incentivar atividades culturais explorat\u00f3rias diversificadas com estudantes, professores, turistas e comunidade em geral nos espa\u00e7os das esta\u00e7\u00f5es e no passeio do trem que percorre o trecho Ouro Preto-Mariana.<\/li>\n<li>Contribuir para o desenvolvimento do turismo cultural na regi\u00e3o de Ouro Preto e Mariana, uma vez que as esta\u00e7\u00f5es, com sua extensa programa\u00e7\u00e3o e conte\u00fados apresentados nos espa\u00e7os museogr\u00e1ficos representam um atrativo tur\u00edstico diferenciado para todos os visitantes, al\u00e9m de indiretamente favorecerem a gera\u00e7\u00e3o de emprego e renda no mercado tur\u00edstico desses munic\u00edpios.<\/li>\n<li>Fortalecer parcerias, estimular a troca de experi\u00eancias e a coopera\u00e7\u00e3o com institui\u00e7\u00f5es p\u00fablicas, privadas, ONGs, lideran\u00e7as e grupos locais para maior efetividade na realiza\u00e7\u00e3o e divulga\u00e7\u00e3o das atividades do Programa.<\/li>\n<\/ul>\n<p>&nbsp;<\/p>\n","protected":false},"excerpt":{"rendered":"<p>O Programa de Educa\u00e7\u00e3o Patrimonial Trem da Vale tem como objetivo geral: realizar a\u00e7\u00f5es formativas patrimoniais diversificadas de valoriza\u00e7\u00e3o dos bens culturais e naturais, com o intuito de propiciar a crian\u00e7as, jovens e adultos a viv\u00eancia de um processo de conhecimento, apropria\u00e7\u00e3o e preserva\u00e7\u00e3o de sua heran\u00e7a cultural, fortalecendo sentimentos &hellip;<\/p>\n","protected":false},"author":1,"featured_media":0,"parent":8,"menu_order":0,"comment_status":"closed","ping_status":"closed","template":"","meta":{"footnotes":""},"class_list":["post-24","page","type-page","status-publish","hentry"],"yoast_head":"<!-- This site is optimized with the Yoast SEO plugin v26.1.1 - https:\/\/yoast.com\/wordpress\/plugins\/seo\/ -->\n<title>Objetivos &#8212; Trem da Vale<\/title>\n<meta name=\"robots\" content=\"index, follow, max-snippet:-1, max-image-preview:large, max-video-preview:-1\" \/>\n<link rel=\"canonical\" href=\"https:\/\/tremdavale.org\/pt\/o-programa\/objetivos\/\" \/>\n<meta property=\"og:locale\" content=\"pt_PT\" \/>\n<meta property=\"og:type\" content=\"article\" \/>\n<meta property=\"og:title\" content=\"Objetivos &#8212; Trem da Vale\" \/>\n<meta property=\"og:description\" content=\"O Programa de Educa\u00e7\u00e3o Patrimonial Trem da Vale tem como objetivo geral: realizar a\u00e7\u00f5es formativas patrimoniais diversificadas de valoriza\u00e7\u00e3o dos bens culturais e naturais, com o intuito de propiciar a crian\u00e7as, jovens e adultos a viv\u00eancia de um processo de conhecimento, apropria\u00e7\u00e3o e preserva\u00e7\u00e3o de sua heran\u00e7a cultural, fortalecendo sentimentos &hellip;\" \/>\n<meta property=\"og:url\" content=\"https:\/\/tremdavale.org\/pt\/o-programa\/objetivos\/\" \/>\n<meta property=\"og:site_name\" content=\"Trem da Vale\" \/>\n<meta property=\"article:modified_time\" content=\"2025-10-10T11:57:00+00:00\" \/>\n<meta name=\"twitter:card\" content=\"summary_large_image\" \/>\n<meta name=\"twitter:label1\" content=\"Tempo estimado de leitura\" \/>\n\t<meta name=\"twitter:data1\" content=\"2 minutos\" \/>\n<script type=\"application\/ld+json\" class=\"yoast-schema-graph\">{\"@context\":\"https:\/\/schema.org\",\"@graph\":[{\"@type\":\"WebPage\",\"@id\":\"https:\/\/tremdavale.org\/pt\/o-programa\/objetivos\/\",\"url\":\"https:\/\/tremdavale.org\/pt\/o-programa\/objetivos\/\",\"name\":\"Objetivos &#8212; Trem da Vale\",\"isPartOf\":{\"@id\":\"https:\/\/tremdavale.org\/pt\/#website\"},\"datePublished\":\"2025-03-15T23:41:27+00:00\",\"dateModified\":\"2025-10-10T11:57:00+00:00\",\"breadcrumb\":{\"@id\":\"https:\/\/tremdavale.org\/pt\/o-programa\/objetivos\/#breadcrumb\"},\"inLanguage\":\"pt-PT\",\"potentialAction\":[{\"@type\":\"ReadAction\",\"target\":[\"https:\/\/tremdavale.org\/pt\/o-programa\/objetivos\/\"]}]},{\"@type\":\"BreadcrumbList\",\"@id\":\"https:\/\/tremdavale.org\/pt\/o-programa\/objetivos\/#breadcrumb\",\"itemListElement\":[{\"@type\":\"ListItem\",\"position\":1,\"name\":\"In\u00edcio\",\"item\":\"https:\/\/tremdavale.org\/pt\/\"},{\"@type\":\"ListItem\",\"position\":2,\"name\":\"O Programa\",\"item\":\"https:\/\/tremdavale.org\/pt\/o-programa\/\"},{\"@type\":\"ListItem\",\"position\":3,\"name\":\"Objetivos\"}]},{\"@type\":\"WebSite\",\"@id\":\"https:\/\/tremdavale.org\/pt\/#website\",\"url\":\"https:\/\/tremdavale.org\/pt\/\",\"name\":\"Trem da Vale\",\"description\":\"Programa de Educa\u00e7\u00e3o Patrimonial\",\"potentialAction\":[{\"@type\":\"SearchAction\",\"target\":{\"@type\":\"EntryPoint\",\"urlTemplate\":\"https:\/\/tremdavale.org\/pt\/?s={search_term_string}\"},\"query-input\":{\"@type\":\"PropertyValueSpecification\",\"valueRequired\":true,\"valueName\":\"search_term_string\"}}],\"inLanguage\":\"pt-PT\"}]}<\/script>\n<!-- \/ Yoast SEO plugin. -->","yoast_head_json":{"title":"Objetivos &#8212; Trem da Vale","robots":{"index":"index","follow":"follow","max-snippet":"max-snippet:-1","max-image-preview":"max-image-preview:large","max-video-preview":"max-video-preview:-1"},"canonical":"https:\/\/tremdavale.org\/pt\/o-programa\/objetivos\/","og_locale":"pt_PT","og_type":"article","og_title":"Objetivos &#8212; Trem da Vale","og_description":"O Programa de Educa\u00e7\u00e3o Patrimonial Trem da Vale tem como objetivo geral: realizar a\u00e7\u00f5es formativas patrimoniais diversificadas de valoriza\u00e7\u00e3o dos bens culturais e naturais, com o intuito de propiciar a crian\u00e7as, jovens e adultos a viv\u00eancia de um processo de conhecimento, apropria\u00e7\u00e3o e preserva\u00e7\u00e3o de sua heran\u00e7a cultural, fortalecendo sentimentos &hellip;","og_url":"https:\/\/tremdavale.org\/pt\/o-programa\/objetivos\/","og_site_name":"Trem da Vale","article_modified_time":"2025-10-10T11:57:00+00:00","twitter_card":"summary_large_image","twitter_misc":{"Tempo estimado de leitura":"2 minutos"},"schema":{"@context":"https:\/\/schema.org","@graph":[{"@type":"WebPage","@id":"https:\/\/tremdavale.org\/pt\/o-programa\/objetivos\/","url":"https:\/\/tremdavale.org\/pt\/o-programa\/objetivos\/","name":"Objetivos &#8212; Trem da Vale","isPartOf":{"@id":"https:\/\/tremdavale.org\/pt\/#website"},"datePublished":"2025-03-15T23:41:27+00:00","dateModified":"2025-10-10T11:57:00+00:00","breadcrumb":{"@id":"https:\/\/tremdavale.org\/pt\/o-programa\/objetivos\/#breadcrumb"},"inLanguage":"pt-PT","potentialAction":[{"@type":"ReadAction","target":["https:\/\/tremdavale.org\/pt\/o-programa\/objetivos\/"]}]},{"@type":"BreadcrumbList","@id":"https:\/\/tremdavale.org\/pt\/o-programa\/objetivos\/#breadcrumb","itemListElement":[{"@type":"ListItem","position":1,"name":"In\u00edcio","item":"https:\/\/tremdavale.org\/pt\/"},{"@type":"ListItem","position":2,"name":"O Programa","item":"https:\/\/tremdavale.org\/pt\/o-programa\/"},{"@type":"ListItem","position":3,"name":"Objetivos"}]},{"@type":"WebSite","@id":"https:\/\/tremdavale.org\/pt\/#website","url":"https:\/\/tremdavale.org\/pt\/","name":"Trem da Vale","description":"Programa de Educa\u00e7\u00e3o Patrimonial","potentialAction":[{"@type":"SearchAction","target":{"@type":"EntryPoint","urlTemplate":"https:\/\/tremdavale.org\/pt\/?s={search_term_string}"},"query-input":{"@type":"PropertyValueSpecification","valueRequired":true,"valueName":"search_term_string"}}],"inLanguage":"pt-PT"}]}},"_links":{"self":[{"href":"https:\/\/tremdavale.org\/pt\/wp-json\/wp\/v2\/pages\/24","targetHints":{"allow":["GET"]}}],"collection":[{"href":"https:\/\/tremdavale.org\/pt\/wp-json\/wp\/v2\/pages"}],"about":[{"href":"https:\/\/tremdavale.org\/pt\/wp-json\/wp\/v2\/types\/page"}],"author":[{"embeddable":true,"href":"https:\/\/tremdavale.org\/pt\/wp-json\/wp\/v2\/users\/1"}],"replies":[{"embeddable":true,"href":"https:\/\/tremdavale.org\/pt\/wp-json\/wp\/v2\/comments?post=24"}],"version-history":[{"count":0,"href":"https:\/\/tremdavale.org\/pt\/wp-json\/wp\/v2\/pages\/24\/revisions"}],"up":[{"embeddable":true,"href":"https:\/\/tremdavale.org\/pt\/wp-json\/wp\/v2\/pages\/8"}],"wp:attachment":[{"href":"https:\/\/tremdavale.org\/pt\/wp-json\/wp\/v2\/media?parent=24"}],"curies":[{"name":"wp","href":"https:\/\/api.w.org\/{rel}","templated":true}]}}

<p><span style="text-align: justify;">O Programa de Educação Patrimonial Trem da Vale tem como objetivo geral: realizar ações formativas patrimoniais diversificadas de valorização dos bens culturais e naturais, com o intuito de propiciar a crianças, jovens e adultos a vivência de um processo de conhecimento, apropriação e preservação de sua herança cultural, fortalecendo sentimentos de pertencimento, identidade e cidadania.</span></p>
<p><span style="font-weight: bold;">Os objetivos específicos são os seguintes:</span></p>
<ul>
<li>Desenvolver atividades de levantamento e registro do patrimônio, com a participação de pessoas, grupos e associações locais e promover sua divulgação em diversos produtos culturais e educacionais (publicações, vídeos, páginas virtuais etc.) e em suportes multimídia interativos.</li>
<li>Promover ações de educação continuada (cursos, oficinas, seminários/workshops, palestras, mostras) na perspectiva da educação patrimonial, em parceria com instituições locais e abertas à comunidade escolar e extraescolar.</li>
<li>Contribuir para o conhecimento e divulgação da Educação Patrimonial no âmbito das escolas do ensino formal, mediante a realização de ações formativas com educadores, o estímulo à produção de conhecimento sobre a cultural local e de materiais didáticos inovadores.</li>
<li>Desenvolver ações de incentivo à leitura (circuitos literários, jogos, saraus, oficinas etc), em especial para crianças e jovens, através das bibliotecas infantojuvenis das estações, integralmente abertas às comunidades.</li>
<li>Incentivar atividades culturais exploratórias diversificadas com estudantes, professores, turistas e comunidade em geral nos espaços das estações e no passeio do trem que percorre o trecho Ouro Preto-Mariana.</li>
<li>Contribuir para o desenvolvimento do turismo cultural na região de Ouro Preto e Mariana, uma vez que as estações, com sua extensa programação e conteúdos apresentados nos espaços museográficos representam um atrativo turístico diferenciado para todos os visitantes, além de indiretamente favorecerem a geração de emprego e renda no mercado turístico desses municípios.</li>
<li>Fortalecer parcerias, estimular a troca de experiências e a cooperação com instituições públicas, privadas, ONGs, lideranças e grupos locais para maior efetividade na realização e divulgação das atividades do Programa.</li>
</ul>
<p>&nbsp;</p>

<p>O Programa de Educação Patrimonial Trem da Vale tem como objetivo geral: realizar ações formativas patrimoniais diversificadas de valorização dos bens culturais e naturais, com o intuito de propiciar a crianças, jovens e adultos a vivência de um processo de conhecimento, apropriação e preservação de sua herança cultural, fortalecendo sentimentos &hellip;</p>

<!-- This site is optimized with the Yoast SEO plugin v26.1.1 - https://yoast.com/wordpress/plugins/seo/ -->
<title>Objetivos &#8212; Trem da Vale</title>
<meta name="robots" content="index, follow, max-snippet:-1, max-image-preview:large, max-video-preview:-1" />
<link rel="canonical" href="https://tremdavale.org/pt/o-programa/objetivos/" />
<meta property="og:locale" content="pt_PT" />
<meta property="og:type" content="article" />
<meta property="og:title" content="Objetivos &#8212; Trem da Vale" />
<meta property="og:description" content="O Programa de Educação Patrimonial Trem da Vale tem como objetivo geral: realizar ações formativas patrimoniais diversificadas de valorização dos bens culturais e naturais, com o intuito de propiciar a crianças, jovens e adultos a vivência de um processo de conhecimento, apropriação e preservação de sua herança cultural, fortalecendo sentimentos &hellip;" />
<meta property="og:url" content="https://tremdavale.org/pt/o-programa/objetivos/" />
<meta property="og:site_name" content="Trem da Vale" />
<meta property="article:modified_time" content="2025-10-10T11:57:00+00:00" />
<meta name="twitter:card" content="summary_large_image" />
<meta name="twitter:label1" content="Tempo estimado de leitura" />
	<meta name="twitter:data1" content="2 minutos" />
<script type="application/ld+json" class="yoast-schema-graph">{"@context":"https://schema.org","@graph":[{"@type":"WebPage","@id":"https://tremdavale.org/pt/o-programa/objetivos/","url":"https://tremdavale.org/pt/o-programa/objetivos/","name":"Objetivos &#8212; Trem da Vale","isPartOf":{"@id":"https://tremdavale.org/pt/#website"},"datePublished":"2025-03-15T23:41:27+00:00","dateModified":"2025-10-10T11:57:00+00:00","breadcrumb":{"@id":"https://tremdavale.org/pt/o-programa/objetivos/#breadcrumb"},"inLanguage":"pt-PT","potentialAction":[{"@type":"ReadAction","target":["https://tremdavale.org/pt/o-programa/objetivos/"]}]},{"@type":"BreadcrumbList","@id":"https://tremdavale.org/pt/o-programa/objetivos/#breadcrumb","itemListElement":[{"@type":"ListItem","position":1,"name":"Início","item":"https://tremdavale.org/pt/"},{"@type":"ListItem","position":2,"name":"O Programa","item":"https://tremdavale.org/pt/o-programa/"},{"@type":"ListItem","position":3,"name":"Objetivos"}]},{"@type":"WebSite","@id":"https://tremdavale.org/pt/#website","url":"https://tremdavale.org/pt/","name":"Trem da Vale","description":"Programa de Educação Patrimonial","potentialAction":[{"@type":"SearchAction","target":{"@type":"EntryPoint","urlTemplate":"https://tremdavale.org/pt/?s={search_term_string}"},"query-input":{"@type":"PropertyValueSpecification","valueRequired":true,"valueName":"search_term_string"}}],"inLanguage":"pt-PT"}]}</script>
<!-- / Yoast SEO plugin. -->

O Programa de Educação Patrimonial Trem da Vale tem como objetivo geral: realizar ações formativas patrimoniais diversificadas de valorização dos bens culturais e naturais, com o intuito de propiciar a crianças, jovens e adultos a vivência de um processo de conhecimento, apropriação e preservação de sua herança cultural, fortalecendo sentimentos &hellip;

Início

Programa de Educação Patrimonial
