{"id":7,"date":"2009-02-07T01:07:00","date_gmt":"2009-02-07T01:07:00","guid":{"rendered":"https:\/\/tremdavale.org\/?page_id=7"},"modified":"2025-10-10T11:57:00","modified_gmt":"2025-10-10T11:57:00","slug":"mapa-do-site","status":"publish","type":"page","link":"https:\/\/tremdavale.org\/pt\/mapa-do-site\/","title":{"rendered":"Mapa do site"},"content":{"rendered":"<ul>\n<li><a href=\"\/pt\/o-programa\/\" title=\"O Programa\">O Programa<\/a>\n<ul>\n<li><a href=\"\/pt\/o-programa\/reconhecimento\/\" title=\"Reconhecimento\">Reconhecimento<\/a><\/li>\n<li><a href=\"\/pt\/o-programa\/premiacoes\/\" title=\"Premia\u00e7\u00f5es\">Premia\u00e7\u00f5es<\/a><\/li>\n<li><a href=\"\/pt\/o-programa\/institucional\/\" title=\"Institucional\">Institucional<\/a><\/li>\n<li><a href=\"\/pt\/o-programa\/objetivos\/\" title=\"Objetivos\">Objetivos<\/a><\/li>\n<li><a href=\"\/pt\/o-programa\/ficha-tecnica\/\" title=\"Ficha T\u00e9cnica\">Ficha T\u00e9cnica<\/a><\/li>\n<\/ul>\n<\/li>\n<li><a href=\"\/pt\/educacao-patrimonial\/\" title=\"Educa\u00e7\u00e3o Patrimonial\">Educa\u00e7\u00e3o Patrimonial<\/a>\n<ul>\n<li><a href=\"\/pt\/educacao-patrimonial\/vale-conhecer\/\" title=\"Vale Conhecer\">Vale Conhecer<\/a><\/li>\n<li><a href=\"\/pt\/educacao-patrimonial\/vale-promover\/\" title=\"Vale Promover\">Vale Promover<\/a><\/li>\n<li><a href=\"\/pt\/educacao-patrimonial\/vale-registrar\/\" title=\"Vale Registrar\">Vale Registrar<\/a><\/li>\n<\/ul>\n<\/li>\n<li><a href=\"\/pt\/estacoes\/\" title=\"Esta\u00e7\u00f5es\">Esta\u00e7\u00f5es<\/a>\n<ul>\n<li><a href=\"\/pt\/estacoes\/estacao-ouro-preto\/\" title=\"Esta\u00e7\u00e3o de Ouro Preto\">Esta\u00e7\u00e3o de Ouro Preto<\/a><\/li>\n<li><a href=\"\/pt\/estacoes\/estacao-mariana\/\" title=\"Esta\u00e7\u00e3o de Mariana\">Esta\u00e7\u00e3o de Mariana<\/a><\/li>\n<li><a href=\"\/pt\/estacoes\/estacao-vitorino-dias\/\" title=\"Esta\u00e7\u00e3o Vitorino Dias\">Esta\u00e7\u00e3o Vitorino Dias<\/a><\/li>\n<li><a href=\"\/pt\/estacoes\/estacao-passagem-de-mariana\/\" title=\"Esta\u00e7\u00e3o Passagem de Mariana\">Esta\u00e7\u00e3o Passagem de Mariana<\/a><\/li>\n<\/ul>\n<\/li>\n<li><a href=\"\/pt\/trem-turistico\/\" title=\"Trem Tur\u00edstico\">Trem Tur\u00edstico<\/a><\/li>\n<li>Not\u00edcias\n<ul>\n<li>Calend\u00e1rio de Eventos<\/li>\n<\/ul>\n<\/li>\n<li><a href=\"\/pt\/fotos\/\" title=\"Fotos\">Fotos<\/a><\/li>\n<li>V\u00eddeos<\/li>\n<li><a href=\"\/pt\/contato\/\" title=\"Contato\">Contato<\/a>\n<ul>\n<li><a href=\"\/pt\/contato\/faqfaq\/\" title=\"FAQ\">FAQ<\/a><\/li>\n<\/ul>\n<\/li>\n<li><a href=\"\/pt\/mapa-do-site\/\" title=\"Mapa do site\">Mapa do site<\/a><\/li>\n<\/ul>\n<p>&nbsp;<\/p>\n","protected":false},"excerpt":{"rendered":"<p>O Programa Reconhecimento Premia\u00e7\u00f5es Institucional Objetivos Ficha T\u00e9cnica Educa\u00e7\u00e3o Patrimonial Vale Conhecer Vale Promover Vale Registrar Esta\u00e7\u00f5es Esta\u00e7\u00e3o de Ouro Preto Esta\u00e7\u00e3o de Mariana Esta\u00e7\u00e3o Vitorino Dias Esta\u00e7\u00e3o Passagem de Mariana Trem Tur\u00edstico Not\u00edcias Calend\u00e1rio de Eventos Fotos V\u00eddeos Contato FAQ Mapa do site &nbsp;<\/p>\n","protected":false},"author":1,"featured_media":0,"parent":0,"menu_order":0,"comment_status":"closed","ping_status":"closed","template":"","meta":{"footnotes":""},"class_list":["post-7","page","type-page","status-publish","hentry"],"yoast_head":"<!-- This site is optimized with the Yoast SEO plugin v26.1.1 - https:\/\/yoast.com\/wordpress\/plugins\/seo\/ -->\n<title>Mapa do site &#8212; Trem da Vale<\/title>\n<meta name=\"robots\" content=\"index, follow, max-snippet:-1, max-image-preview:large, max-video-preview:-1\" \/>\n<link rel=\"canonical\" href=\"https:\/\/tremdavale.org\/pt\/mapa-do-site\/\" \/>\n<meta property=\"og:locale\" content=\"pt_PT\" \/>\n<meta property=\"og:type\" content=\"article\" \/>\n<meta property=\"og:title\" content=\"Mapa do site &#8212; Trem da Vale\" \/>\n<meta property=\"og:description\" content=\"O Programa Reconhecimento Premia\u00e7\u00f5es Institucional Objetivos Ficha T\u00e9cnica Educa\u00e7\u00e3o Patrimonial Vale Conhecer Vale Promover Vale Registrar Esta\u00e7\u00f5es Esta\u00e7\u00e3o de Ouro Preto Esta\u00e7\u00e3o de Mariana Esta\u00e7\u00e3o Vitorino Dias Esta\u00e7\u00e3o Passagem de Mariana Trem Tur\u00edstico Not\u00edcias Calend\u00e1rio de Eventos Fotos V\u00eddeos Contato FAQ Mapa do site &nbsp;\" \/>\n<meta property=\"og:url\" content=\"https:\/\/tremdavale.org\/pt\/mapa-do-site\/\" \/>\n<meta property=\"og:site_name\" content=\"Trem da Vale\" \/>\n<meta property=\"article:modified_time\" content=\"2025-10-10T11:57:00+00:00\" \/>\n<meta name=\"twitter:card\" content=\"summary_large_image\" \/>\n<script type=\"application\/ld+json\" class=\"yoast-schema-graph\">{\"@context\":\"https:\/\/schema.org\",\"@graph\":[{\"@type\":\"WebPage\",\"@id\":\"https:\/\/tremdavale.org\/pt\/mapa-do-site\/\",\"url\":\"https:\/\/tremdavale.org\/pt\/mapa-do-site\/\",\"name\":\"Mapa do site &#8212; Trem da Vale\",\"isPartOf\":{\"@id\":\"https:\/\/tremdavale.org\/pt\/#website\"},\"datePublished\":\"2009-02-07T01:07:00+00:00\",\"dateModified\":\"2025-10-10T11:57:00+00:00\",\"breadcrumb\":{\"@id\":\"https:\/\/tremdavale.org\/pt\/mapa-do-site\/#breadcrumb\"},\"inLanguage\":\"pt-PT\",\"potentialAction\":[{\"@type\":\"ReadAction\",\"target\":[\"https:\/\/tremdavale.org\/pt\/mapa-do-site\/\"]}]},{\"@type\":\"BreadcrumbList\",\"@id\":\"https:\/\/tremdavale.org\/pt\/mapa-do-site\/#breadcrumb\",\"itemListElement\":[{\"@type\":\"ListItem\",\"position\":1,\"name\":\"In\u00edcio\",\"item\":\"https:\/\/tremdavale.org\/pt\/\"},{\"@type\":\"ListItem\",\"position\":2,\"name\":\"Mapa do site\"}]},{\"@type\":\"WebSite\",\"@id\":\"https:\/\/tremdavale.org\/pt\/#website\",\"url\":\"https:\/\/tremdavale.org\/pt\/\",\"name\":\"Trem da Vale\",\"description\":\"Programa de Educa\u00e7\u00e3o Patrimonial\",\"potentialAction\":[{\"@type\":\"SearchAction\",\"target\":{\"@type\":\"EntryPoint\",\"urlTemplate\":\"https:\/\/tremdavale.org\/pt\/?s={search_term_string}\"},\"query-input\":{\"@type\":\"PropertyValueSpecification\",\"valueRequired\":true,\"valueName\":\"search_term_string\"}}],\"inLanguage\":\"pt-PT\"}]}<\/script>\n<!-- \/ Yoast SEO plugin. -->","yoast_head_json":{"title":"Mapa do site &#8212; Trem da Vale","robots":{"index":"index","follow":"follow","max-snippet":"max-snippet:-1","max-image-preview":"max-image-preview:large","max-video-preview":"max-video-preview:-1"},"canonical":"https:\/\/tremdavale.org\/pt\/mapa-do-site\/","og_locale":"pt_PT","og_type":"article","og_title":"Mapa do site &#8212; Trem da Vale","og_description":"O Programa Reconhecimento Premia\u00e7\u00f5es Institucional Objetivos Ficha T\u00e9cnica Educa\u00e7\u00e3o Patrimonial Vale Conhecer Vale Promover Vale Registrar Esta\u00e7\u00f5es Esta\u00e7\u00e3o de Ouro Preto Esta\u00e7\u00e3o de Mariana Esta\u00e7\u00e3o Vitorino Dias Esta\u00e7\u00e3o Passagem de Mariana Trem Tur\u00edstico Not\u00edcias Calend\u00e1rio de Eventos Fotos V\u00eddeos Contato FAQ Mapa do site &nbsp;","og_url":"https:\/\/tremdavale.org\/pt\/mapa-do-site\/","og_site_name":"Trem da Vale","article_modified_time":"2025-10-10T11:57:00+00:00","twitter_card":"summary_large_image","schema":{"@context":"https:\/\/schema.org","@graph":[{"@type":"WebPage","@id":"https:\/\/tremdavale.org\/pt\/mapa-do-site\/","url":"https:\/\/tremdavale.org\/pt\/mapa-do-site\/","name":"Mapa do site &#8212; Trem da Vale","isPartOf":{"@id":"https:\/\/tremdavale.org\/pt\/#website"},"datePublished":"2009-02-07T01:07:00+00:00","dateModified":"2025-10-10T11:57:00+00:00","breadcrumb":{"@id":"https:\/\/tremdavale.org\/pt\/mapa-do-site\/#breadcrumb"},"inLanguage":"pt-PT","potentialAction":[{"@type":"ReadAction","target":["https:\/\/tremdavale.org\/pt\/mapa-do-site\/"]}]},{"@type":"BreadcrumbList","@id":"https:\/\/tremdavale.org\/pt\/mapa-do-site\/#breadcrumb","itemListElement":[{"@type":"ListItem","position":1,"name":"In\u00edcio","item":"https:\/\/tremdavale.org\/pt\/"},{"@type":"ListItem","position":2,"name":"Mapa do site"}]},{"@type":"WebSite","@id":"https:\/\/tremdavale.org\/pt\/#website","url":"https:\/\/tremdavale.org\/pt\/","name":"Trem da Vale","description":"Programa de Educa\u00e7\u00e3o Patrimonial","potentialAction":[{"@type":"SearchAction","target":{"@type":"EntryPoint","urlTemplate":"https:\/\/tremdavale.org\/pt\/?s={search_term_string}"},"query-input":{"@type":"PropertyValueSpecification","valueRequired":true,"valueName":"search_term_string"}}],"inLanguage":"pt-PT"}]}},"_links":{"self":[{"href":"https:\/\/tremdavale.org\/pt\/wp-json\/wp\/v2\/pages\/7","targetHints":{"allow":["GET"]}}],"collection":[{"href":"https:\/\/tremdavale.org\/pt\/wp-json\/wp\/v2\/pages"}],"about":[{"href":"https:\/\/tremdavale.org\/pt\/wp-json\/wp\/v2\/types\/page"}],"author":[{"embeddable":true,"href":"https:\/\/tremdavale.org\/pt\/wp-json\/wp\/v2\/users\/1"}],"replies":[{"embeddable":true,"href":"https:\/\/tremdavale.org\/pt\/wp-json\/wp\/v2\/comments?post=7"}],"version-history":[{"count":0,"href":"https:\/\/tremdavale.org\/pt\/wp-json\/wp\/v2\/pages\/7\/revisions"}],"wp:attachment":[{"href":"https:\/\/tremdavale.org\/pt\/wp-json\/wp\/v2\/media?parent=7"}],"curies":[{"name":"wp","href":"https:\/\/api.w.org\/{rel}","templated":true}]}}

<ul>
<li><a href="/pt/o-programa/" title="O Programa">O Programa</a>
<ul>
<li><a href="/pt/o-programa/reconhecimento/" title="Reconhecimento">Reconhecimento</a></li>
<li><a href="/pt/o-programa/premiacoes/" title="Premiações">Premiações</a></li>
<li><a href="/pt/o-programa/institucional/" title="Institucional">Institucional</a></li>
<li><a href="/pt/o-programa/objetivos/" title="Objetivos">Objetivos</a></li>
<li><a href="/pt/o-programa/ficha-tecnica/" title="Ficha Técnica">Ficha Técnica</a></li>
</ul>
</li>
<li><a href="/pt/educacao-patrimonial/" title="Educação Patrimonial">Educação Patrimonial</a>
<ul>
<li><a href="/pt/educacao-patrimonial/vale-conhecer/" title="Vale Conhecer">Vale Conhecer</a></li>
<li><a href="/pt/educacao-patrimonial/vale-promover/" title="Vale Promover">Vale Promover</a></li>
<li><a href="/pt/educacao-patrimonial/vale-registrar/" title="Vale Registrar">Vale Registrar</a></li>
</ul>
</li>
<li><a href="/pt/estacoes/" title="Estações">Estações</a>
<ul>
<li><a href="/pt/estacoes/estacao-ouro-preto/" title="Estação de Ouro Preto">Estação de Ouro Preto</a></li>
<li><a href="/pt/estacoes/estacao-mariana/" title="Estação de Mariana">Estação de Mariana</a></li>
<li><a href="/pt/estacoes/estacao-vitorino-dias/" title="Estação Vitorino Dias">Estação Vitorino Dias</a></li>
<li><a href="/pt/estacoes/estacao-passagem-de-mariana/" title="Estação Passagem de Mariana">Estação Passagem de Mariana</a></li>
</ul>
</li>
<li><a href="/pt/trem-turistico/" title="Trem Turístico">Trem Turístico</a></li>
<li>Notícias
<ul>
<li>Calendário de Eventos</li>
</ul>
</li>
<li><a href="/pt/fotos/" title="Fotos">Fotos</a></li>
<li>Vídeos</li>
<li><a href="/pt/contato/" title="Contato">Contato</a>
<ul>
<li><a href="/pt/contato/faqfaq/" title="FAQ">FAQ</a></li>
</ul>
</li>
<li><a href="/pt/mapa-do-site/" title="Mapa do site">Mapa do site</a></li>
</ul>
<p>&nbsp;</p>

<p>O Programa Reconhecimento Premiações Institucional Objetivos Ficha Técnica Educação Patrimonial Vale Conhecer Vale Promover Vale Registrar Estações Estação de Ouro Preto Estação de Mariana Estação Vitorino Dias Estação Passagem de Mariana Trem Turístico Notícias Calendário de Eventos Fotos Vídeos Contato FAQ Mapa do site &nbsp;</p>

<!-- This site is optimized with the Yoast SEO plugin v26.1.1 - https://yoast.com/wordpress/plugins/seo/ -->
<title>Mapa do site &#8212; Trem da Vale</title>
<meta name="robots" content="index, follow, max-snippet:-1, max-image-preview:large, max-video-preview:-1" />
<link rel="canonical" href="https://tremdavale.org/pt/mapa-do-site/" />
<meta property="og:locale" content="pt_PT" />
<meta property="og:type" content="article" />
<meta property="og:title" content="Mapa do site &#8212; Trem da Vale" />
<meta property="og:description" content="O Programa Reconhecimento Premiações Institucional Objetivos Ficha Técnica Educação Patrimonial Vale Conhecer Vale Promover Vale Registrar Estações Estação de Ouro Preto Estação de Mariana Estação Vitorino Dias Estação Passagem de Mariana Trem Turístico Notícias Calendário de Eventos Fotos Vídeos Contato FAQ Mapa do site &nbsp;" />
<meta property="og:url" content="https://tremdavale.org/pt/mapa-do-site/" />
<meta property="og:site_name" content="Trem da Vale" />
<meta property="article:modified_time" content="2025-10-10T11:57:00+00:00" />
<meta name="twitter:card" content="summary_large_image" />
<script type="application/ld+json" class="yoast-schema-graph">{"@context":"https://schema.org","@graph":[{"@type":"WebPage","@id":"https://tremdavale.org/pt/mapa-do-site/","url":"https://tremdavale.org/pt/mapa-do-site/","name":"Mapa do site &#8212; Trem da Vale","isPartOf":{"@id":"https://tremdavale.org/pt/#website"},"datePublished":"2009-02-07T01:07:00+00:00","dateModified":"2025-10-10T11:57:00+00:00","breadcrumb":{"@id":"https://tremdavale.org/pt/mapa-do-site/#breadcrumb"},"inLanguage":"pt-PT","potentialAction":[{"@type":"ReadAction","target":["https://tremdavale.org/pt/mapa-do-site/"]}]},{"@type":"BreadcrumbList","@id":"https://tremdavale.org/pt/mapa-do-site/#breadcrumb","itemListElement":[{"@type":"ListItem","position":1,"name":"Início","item":"https://tremdavale.org/pt/"},{"@type":"ListItem","position":2,"name":"Mapa do site"}]},{"@type":"WebSite","@id":"https://tremdavale.org/pt/#website","url":"https://tremdavale.org/pt/","name":"Trem da Vale","description":"Programa de Educação Patrimonial","potentialAction":[{"@type":"SearchAction","target":{"@type":"EntryPoint","urlTemplate":"https://tremdavale.org/pt/?s={search_term_string}"},"query-input":{"@type":"PropertyValueSpecification","valueRequired":true,"valueName":"search_term_string"}}],"inLanguage":"pt-PT"}]}</script>
<!-- / Yoast SEO plugin. -->

O Programa Reconhecimento Premiações Institucional Objetivos Ficha Técnica Educação Patrimonial Vale Conhecer Vale Promover Vale Registrar Estações Estação de Ouro Preto Estação de Mariana Estação Vitorino Dias Estação Passagem de Mariana Trem Turístico Notícias Calendário de Eventos Fotos Vídeos Contato FAQ Mapa do site &nbsp;

Início

Programa de Educação Patrimonial
